p**2 - 38*p - 177. Give b(-11).
-1
Let q(z) = -3*z**2 + 161*z + 723. Calculate q(58).
-31
Let h(n) = 2*n**3 + 94*n**2 - 81*n + 738. What is h(-48)?
18
Let p(q) = 313*q**2 + 14090*q + 221. Calculate p(-45).
-4
Let q(j) = j**3 + 58*j**2 - 374*j - 13. Calculate q(6).
47
Let d(u) = -299*u + 238. Calculate d(3).
-659
Let p(u) = -4*u**2 + 27*u - 53. Calculate p(4).
-9
Let t(c) = -c**2 + 4*c + 203. Give t(14).
63
Let w(u) = -u**3 + 15*u**2 - 3*u - 24. Determine w(16).
-328
Let d(r) = 623*r**2 - 2499*r + 10. Calculate d(4).
-18
Let p(g) = 167*g - 2007. Calculate p(12).
-3
Let n(j) = -j**2 - 32*j - 65. Calculate n(-32).
-65
Let s(v) = 5*v**2 - 14*v + 128. Calculate s(0).
128
Let v(c) = -132*c - 7886. Give v(-60).
34
Let n(x) = -x**2 + 23*x + 26. What is n(14)?
152
Let l(b) = b**2 - 102*b + 2068. What is l(44)?
-484
Let x(g) = 3223*g + 29001. Determine x(-9).
-6
Let t(f) = -f**2 - 10*f - 44. Determine t(-6).
-20
Let r(q) = q**3 - q**2 - 4*q - 129. Determine r(11).
1037
Let n(u) = -u**3 + 8*u**2 - 10*u - 44. What is n(9)?
-215
Let h(x) = -338*x - 240. Calculate h(-3).
774
Let k(u) = -116*u - 1118. Determine k(-9).
-74
Let p(r) = r**2 + 31*r - 357. Determine p(9).
3
Let a(m) = 3*m**2 - 334*m + 666. What is a(2)?
10
Let x(m) = m**3 - 42*m**2 + 78*m + 67. Give x(40).
-13
Let u(r) = -3*r**3 - 3*r**2 - 73*r - 150. Give u(-2).
8
Let k(v) = -3*v**2 - 25*v - 1. What is k(-8)?
7
Let y(s) = 70*s - 206. Give y(3).
4
Let h(j) = 472*j + 164720. Calculate h(-349).
-8
Let a(w) = w**3 - 32*w**2 + 71*w - 24. Calculate a(2).
-2
Let y(w) = 56*w + 151. Give y(-5).
-129
Let m(u) = -17*u + 130. What is m(8)?
-6
Let x(z) = 19*z + 473. What is x(-21)?
74
Let a(n) = -72*n - 18. Determine a(-3).
198
Let o(t) = -t**3 - 29*t**2 - 185*t - 2011. What is o(-25)?
114
Let q(j) = 3*j**2 - 125*j - 445. Give q(45).
5
Let w(y) = -2*y**3 + 18*y**2 + 37*y - 6. Give w(10).
164
Let p(w) = w**3 + 6*w**2 + 7*w + 164. Give p(-8).
-20
Let k(b) = -b**3 + 7*b**2 - 95*b + 476. Determine k(5).
51
Let j(u) = -3*u**2 + 67*u + 471. Determine j(28).
-5
Let x(f) = 3*f**3 - 3*f**2 + 43*f + 46. Give x(-1).
-3
Let r(k) = 67*k**2 - 137*k + 138. Give r(1).
68
Let q(f) = -1360*f - 9488. Determine q(-7).
32
Let v(m) = -m**3 + 22*m**2 - 111*m - 21. What is v(14)?
-7
Let g(r) = 139*r - 9032. Give g(65).
3
Let w(s) = 262*s**2 + 3927*s - 37. Give w(-15).
8
Let o(s) = -s**3 - 130*s**2 + 1706*s - 38. Calculate o(12).
-14
Let i(s) = -723*s - 7231. Determine i(-10).
-1
Let n(c) = -3*c**2 + 6*c - 49. Give n(8).
-193
Let t(s) = 138*s - 16. What is t(5)?
674
Let p(o) = 2*o**3 - o**2 - 18*o - 2. Give p(5).
133
Let l(k) = -3*k**2 - 94*k - 530. What is l(-8)?
30
Let s(k) = k**3 + 44*k**2 + 80*k - 281. What is s(-42)?
-113
Let m(a) = -4*a**3 + 16*a**2 - 69*a + 1. Give m(5).
-444
Let a(u) = -9*u - 247. Calculate a(33).
-544
Let g(l) = 9*l**2 - 60*l + 6. Determine g(7).
27
Let v(s) = -206*s**2 - 2657*s + 266. Calculate v(-13).
-7
Let x(o) = -14*o - 231. Determine x(-28).
161
Let l(k) = k**2 - 79*k - 856. Calculate l(90).
134
Let c(x) = -2663*x + 2615. Give c(1).
-48
Let p(l) = -77*l - 1962. Give p(-27).
117
Let t(h) = -52*h + 1059. Determine t(20).
19
Let u(p) = -456*p + 4402. Calculate u(9).
298
Let v(f) = -3*f**2 - 67*f + 10. Calculate v(-20).
150
Let g(b) = 13*b**2 - 78*b + 4. What is g(6)?
4
Let z(q) = -5*q**3 + 7*q**2 + 51*q - 244. Calculate z(5).
-439
Let z(h) = 63*h**2 + 29*h - 56. Calculate z(2).
254
Let j(h) = 63*h - 1959. What is j(27)?
-258
Let s(x) = x**2 - 94*x - 14705. What is s(-83)?
-14
Let u(i) = i**3 + 13*i**2 + 114*i + 1034. What is u(-11)?
22
Let y(v) = 49*v + 331. Give y(-9).
-110
Let r(t) = 2452*t - 169186. Calculate r(69).
2
Let s(m) = m**3 + 27*m**2 - 67*m + 29. Determine s(-29).
290
Let a(c) = 5482*c - 49342. Determine a(9).
-4
Let a(y) = y**2 + 51*y - 1795. What is a(-75)?
5
Let d(u) = -2*u**3 - 28*u**2 - 15*u + 32. Give d(-14).
242
Let s(n) = n**3 + 31*n**2 - 51*n - 633. Calculate s(-32).
-25
Let x(q) = -259*q**2 + 47917*q - 380. Give x(185).
-10
Let m(a) = -2*a**3 + 9*a**2 + 35*a - 167. Calculate m(5).
-17
Let z(b) = -2046*b + 22508. Determine z(11).
2
Let a(h) = -h**3 - 22*h**2 + 775*h - 171. What is a(-41)?
-7
Let o(n) = n**2 + 40*n - 464. Calculate o(-51).
97
Let s(w) = 6*w**2 - 428*w - 10. Determine s(71).
-152
Let z(k) = -k**3 - 6*k**2 + 26*k + 138. Determine z(-7).
5
Let t(j) = -5344*j + 154974. What is t(29)?
-2
Let n(o) = 2*o**2 - 6*o + 24. Give n(3).
24
Let f(s) = 15*s - 106. Calculate f(5).
-31
Let h(v) = 528*v - 42777. What is h(81)?
-9
Let x(l) = -16*l**2 + 43*l - 163. Calculate x(5).
-348
Let y(v) = v**3 + 15*v**2 + 21*v + 207. Determine y(-16).
-385
Let h(q) = -5*q**2 + 129*q - 784. Give h(7).
-126
Let j(t) = -99*t - 9205. What is j(-93)?
2
Let g(s) = -s**2 - 136*s + 11. What is g(-136)?
11
Let z(v) = 6110*v - 12221. Calculate z(2).
-1
Let u(w) = -3*w**3 - 91*w**2 - 10*w + 13. Determine u(-30).
-587
Let b(z) = -252*z**3 - 2*z**2 + 9*z + 10. What is b(-1)?
251
Let d(g) = -164*g + 942. Determine d(6).
-42
Let b(i) = i**3 + 35*i**2 - 38*i + 56. Give b(-36).
128
Let p(n) = -91*n**3 + 3*n**2 + 5*n - 8. What is p(1)?
-91
Let d(l) = -l**3 + 32*l**2 - 252*l + 6. Determine d(11).
-225
Let k(w) = w**3 - 68*w**2 + 62*w + 158. Give k(67).
-177
Let l(v) = -v**3 - 27*v**2 - 132*v + 14. Determine l(-7).
-42
Let j(s) = -9*s**2 - 578*s + 1683. What is j(-67)?
8
Let o(g) = -g**2 + 162*g - 5351. Calculate o(115).
54
Let w(g) = 2*g**3 - g**2 - 189*g - 3. Give w(0).
-3
Let u(j) = 980*j + 7835. Give u(-8).
-5
Let c(k) = k**3 + 29*k**2 + 11*k + 345. Give c(-29).
26
Let n(l) = 228*l + 14346. Calculate n(-63).
-18
Let f(w) = 291*w - 3090. Give f(11).
111
Let y(i) = -i**3 - 54*i**2 - 102*i + 349. What is y(-52)?
245
Let z(b) = -14*b - 147. Determine z(-25).
203
Let b(m) = -m**3 + 33*m**2 + 86*m + 408. What is b(36)?
-384
Let u(s) = -144*s + 57. Determine u(-2).
345
Let n(w) = 2*w**3 - 2*w**2 - 27*w - 84. What is n(5)?
-19
Let y(w) = -361*w + 9391. Give y(26).
5
Let q(i) = -i**3 - 8*i**2 - i + 5. What is q(-8)?
13
Let i(q) = -2*q**3 + 46*q**2 + 7*q - 132. Determine i(23).
29
Let w(a) = -a**2 + 113*a + 5753. Give w(-38).
15
Let r(c) = -115*c - 1947. Give r(-17).
8
Let l(g) = 4*g**2 + 113*g + 630. Give l(-21).
21
Let v(z) = 5*z - 32. What is v(12)?
28
Let z(h) = 61*h + 1629. What is z(-27)?
-18
Let g(m) = m**2 + 2280*m + 22699. Give g(-10).
-1
Let l(k) = -17*k + 446. Give l(26).
4
Let q(u) = -6*u + 46. What is q(25)?
-104
Let x(l) = 40*l**2 - 467*l + 685. What is x(10)?
15
Let p(r) = 4*r**3 + 29*r**2 - r - 54. What is p(-7)?
2
Let p(b) = -16*b**2 - 36*b - 32. Give p(-2).
-24
Let r(n) = -10*n**2 + 9*n - 44. Determine r(7).
-471
Let f(a) = 75*a - 882. Calculate f(6).
-432
Let x(b) = -3*b**2 + 18*b - 24. Calculate x(9).
-105
Let x(f) = -105*f**2 - 21*f - 21. Determine x(-1).
-105
Let k(f) = -2*f**3 + 21*f**2 + 59*f + 41. Give k(12).
317
Let t(j) = j**2 - 15*j + 8. Determine t(16).
24
Let f(a) = a**3 + 9*a**2 + 2*a + 103. Calculate f(0).
103
Let l(c) = 239*c - 2614. Calculate l(11).
15
Let v(o) = -75*o - 5727. What is v(-74)?
-177
Let n(h) = 94*h - 710. Calculate n(6).
-146
Let b(t) = t**2 - 228*t + 25. What is b(0)?
25
Let v(k) = -33*k**3 + 196*k**2 + 14*k - 4. What is v(6)?
8
Let n(y) = y**3 + 173*y**2 - 174*y + 5. What is n(-174)?
5
Let k(t) = t**2 - 1507*t - 42987. What is k(-28)?
-7
Let c(r) = -2*r**3 - 156*r**2 + 154*r - 464. Calculate c(-79).
-148
Let d(p) = p**2 - 22*p - 2073. Give d(58).
15
Let t(d) = d**3 + 12*d**2 + 8*d - 11. Give t(-11).
22
Let f(q) = -2*q**2 - 100*q + 501. Give f(-54).
69
Let z(s) = s**2 + 20*s + 10. Calculate z(-25).
135
Let d(w) = w**2 - 42*w - 4177. Calculate d(-47).
6
Let k(w) = w**3 + 87*w**2 + 179*w + 935. What is k(-85)?
170
Let b(i) = 5*i**3 + 28*i**2 + 40*i + 308. Give b(-6).
-4
Let r(y) = y**3 + 16*y**2 - 19*y - 5. Give r(-17).
29
Let c(x) = 376*x - 3381. Determine c(9).
3
Let a(p) = -p**3 - 18*p**2 - 9*p + 625. Calculate a(-15).
85
Let a(q) = -q**2 + 105*q - 1331. Give a(90).
19
Let l(q) = -66*q - 1333. What is l(-20)?
-13
Let r(l) = l**3 - 16*l**2 + 198*l - 2388. Give r(14).
-8
Let g(v) = -14*v**3 - v**2 - 52*v + 51. Give g(1).
-16
Let w(t) = 1689*t + 60806. Give w(-36).
2
Let s(l) = -12*l - 45. What is s(-19)?
183
Let c(r) = -2*r**3 - 29*r**2 + 153*r + 2333. What is c(-14)?
